 1310?
2, 5, 131
What are the prime factors of 2048?
2
What are the prime factors of 1458?
2, 3
List the prime factors of 16943.
16943
List the prime factors of 9067.
9067
List the prime factors of 2145.
3, 5, 11, 13
List the prime factors of 838.
2, 419
What are the prime factors of 22645?
5, 7, 647
What are the prime factors of 31898?
2, 41, 389
What are the prime factors of 198?
2, 3, 11
What are the prime factors of 2332?
2, 11, 53
What are the prime factors of 187?
11, 17
What are the prime factors of 5542?
2, 17, 163
What are the prime factors of 69244?
2, 7, 2473
List the prime factors of 2945.
5, 19, 31
What are the prime factors of 4114?
2, 11, 17
What are the prime factors of 8348?
2, 2087
List the prime factors of 71667.
3, 7963
What are the prime factors of 3633?
3, 7, 173
List the prime factors of 6499.
67, 97
What are the prime factors of 15645?
3, 5, 7, 149
What are the prime factors of 3203?
3203
What are the prime factors of 23193?
3, 859
List the prime factors of 4545.
3, 5, 101
What are the prime factors of 9891?
3, 7, 157
What are the prime factors of 29127?
3, 7, 19, 73
List the prime factors of 72733.
72733
What are the prime factors of 166986?
2, 3, 9277
What are the prime factors of 8685?
3, 5, 193
What are the prime factors of 1626?
2, 3, 271
What are the prime factors of 29568?
2, 3, 7, 11
List the prime factors of 98064.
2, 3, 227
What are the prime factors of 2900?
2, 5, 29
List the prime factors of 16956.
2, 3, 157
What are the prime factors of 21403?
17, 1259
What are the prime factors of 1123?
1123
List the prime factors of 992.
2, 31
List the prime factors of 163.
163
What are the prime factors of 1382?
2, 691
List the prime factors of 9618.
2, 3, 7, 229
List the prime factors of 96821.
96821
List the prime factors of 6427.
6427
What are the prime factors of 1338?
2, 3, 223
What are the prime factors of 103289?
103289
What are the prime factors of 15552?
2, 3
What are the prime factors of 82100?
2, 5, 821
List the prime factors of 573.
3, 191
List the prime factors of 576.
2, 3
List the prime factors of 31187.
13, 2399
List the prime factors of 33429.
3, 11, 1013
What are the prime factors of 84914?
2, 42457
List the prime factors of 955.
5, 191
List the prime factors of 4278.
2, 3, 23, 31
List the prime factors of 21197.
11, 41, 47
List the prime factors of 4106.
2, 2053
What are the prime factors of 899?
29, 31
List the prime factors of 62100.
2, 3, 5, 23
List the prime factors of 5337.
3, 593
List the prime factors of 163620.
2, 3, 5, 101
What are the prime factors of 13159?
13159
What are the prime factors of 15283?
17, 29, 31
List the prime factors of 1310.
2, 5, 131
List the prime factors of 12068.
2, 7, 431
What are the prime factors of 9389?
41, 229
What are the prime factors of 8220?
2, 3, 5, 137
What are the prime factors of 483?
3, 7, 23
List the prime factors of 90.
2, 3, 5
List the prime factors of 55463.
37, 1499
List the prime factors of 742.
2, 7, 53
List the prime factors of 63175.
5, 7, 19
List the prime factors of 967.
967
What are the prime factors of 14737?
14737
List the prime factors of 161.
7, 23
What are the prime factors of 1655?
5, 331
List the prime factors of 35.
5, 7
List the prime factors of 4485.
3, 5, 13, 23
What are the prime factors of 24376?
2, 11, 277
List the prime factors of 21168.
2, 3, 7
What are the prime factors of 23564?
2, 43, 137
What are the prime factors of 692?
2, 173
What are the prime factors of 7225?
5, 17
List the prime factors of 1664.
2, 13
What are the prime factors of 39883?
39883
What are the prime factors of 31856?
2, 11, 181
List the prime factors of 43026.
2, 3, 71, 101
What are the prime factors of 227?
227
What are the prime factors of 77540?
2, 5, 3877
List the prime factors of 679.
7, 97
List the prime factors of 1295.
5, 7, 37
What are the prime factors of 1030?
2, 5, 103
What are the prime factors of 583?
11, 53
What are the prime factors of 5236?
2, 7, 11, 17
List the prime factors of 83570.
2, 5, 61, 137
What are the prime factors of 20984?
2, 43, 61
What are the prime factors of 362?
2, 181
List the prime factors of 1695.
3, 5, 113
List the prime factors of 1349.
19, 71
What are the prime factors of 2045?
5, 409
List the prime factors of 441.
3, 7
What are the prime factors of 1226?
2, 613
List the prime factors of 11600.
2, 5, 29
What are the prime factors of 16001?
16001
What are the prime factors of 6091?
6091
List the prime factors of 886.
2, 443
What are the prime factors of 2761?
11, 251
What are the prime factors of 23831?
23831
What are the prime factors of 85533?
3, 7, 4073
What are the prime factors of 67966?
2, 17, 1999
What are the prime factors of 133146?
2, 3, 13, 569
What are the prime factors of 20801?
11, 31, 61
List the prime factors of 1311.
3, 19, 23
List the prime factors of 20349.
3, 7, 17, 19
What are the prime factors of 30521?
23, 1327
List the prime factors of 1667.
1667
List the prime factors of 9523.
89, 107
What are the prime factors of 5946?
2, 3, 991
List the prime factors of 22848.
2, 3, 7, 17
List the prime factors of 4925.
5, 197
What are the prime factors of 2476?
2, 619
What are the prime factors of 44614?
2, 22307
What are the prime factors of 4024?
2, 503
List the prime factors of 26779.
61, 439
List the prime factors of 14107.
14107
List the prime factors of 51137.
51137
What are the prime factors of 816?
2, 3, 17
What are the prime factors of 9959?
23, 433
What are the prime factors of 2485?
5, 7, 71
What are the prime factors of 5594?
2, 2797
List the prime factors of 4598.
2, 11, 19
List the prime factors of 790.
2, 5, 79
What are the prime factors of 71309?
7, 61, 167
What are the prime factors of 7719?
3, 31, 83
What are the prime factors of 2193?
3, 17, 43
What are the prime factors of 1179?
3, 131
What are the prime factors of 213?
3, 71
List the prime factors of 27933.
3, 9311
What are the prime factors of 66?
2, 3, 11
List the prime factors of 8522.
2, 4261
List the prime factors of 653.
653
List the prime factors of 455.
5, 7, 13
What are the prime factors of 90910?
2, 5, 9091
List the prime factors of 20414.
2, 59, 173
What are the prime factors of 35478?
2, 3, 73
List the prime factors of 8196.
2, 3, 683
List the prime factors of 17004.
2, 3, 13, 109
List the prime factors of 792.
2, 3, 11
What are the prime factors of 12682?
2, 17, 373
List the prime factors of 55369.
17, 3257
What are the prime factors of 6931?
29, 239
List the prime factors of 2030.
2, 5, 7, 29
What are the prime factors of 31212?
2, 3, 17
What are the prime factors of 60255?
3, 5, 13, 103
List the prime factors of 3613.
3613
List the prime factors of 46032.
2, 3, 7, 137
List the prime factors of 3318.
2, 3, 7, 79
List the prime factors of 8000.
2, 5
What are the prime factors of 2762?
2, 1381
What are the prime factors of 6455?
5, 1291
What are the prime factors of 2664?
2, 3, 37
What are the prime factors of 16202?
2, 8101
List the prime factors of 2002.
2, 7, 11, 13
What are the prime factors of 13658?
2, 6829
List the prime factors of 130564.
2, 7, 4663
What are the prime factors of 59530?
2, 5, 5953
List the prime factors of 53022.
2, 3, 8837
What are the prime factors of 3951?
3, 439
What are the prime factors of 6309?
3, 701
What are the prime factors of 897?
3, 13, 23
What are the prime factors of 1040?
2, 5, 13
What are the prime factors of 132260?
2, 5, 17, 389
List the prime factors of 1087.
1087
List the prime factors of 9.
3
List the prime factors of 49779.
3, 5531
List the prime factors of 94.
2, 47
List the prime factors of 1201.
1201
List the prime factors of 20878.
2, 11, 13, 73
List the prime factors of 637.
7, 13
List the prime factors of 175.
5, 7
What are the prime factors of 9917?
47, 211
What are the prime factors of 3038?
2, 7, 31
What are the prime factors of 85463?
7, 29, 421
What are the prime factors of 2071?
19, 109
List the prime factors of 42951.
3, 103, 139
What are the prime factors of 109903?
109903
List the prime factors of 388.
2, 97
What are the prime factors of 15704?
2, 13, 151
List the prime factors of 18747.
3, 2083
List the prime factors of 2788.
2, 17, 41
What are the prime factors of 17520?
2, 3, 5, 73
List the prime factors of 329.
7, 47
What are the prime factors of 2980?
2